{"id":84,"date":"2023-01-27T10:49:24","date_gmt":"2023-01-27T09:49:24","guid":{"rendered":"https:\/\/www.tropicalbrownie.sk\/?page_id=84"},"modified":"2026-02-24T18:03:30","modified_gmt":"2026-02-24T17:03:30","slug":"galeria","status":"publish","type":"page","link":"https:\/\/www.tropicalbrownie.sk\/?page_id=84","title":{"rendered":"GAL\u00c9RIA"},"content":{"rendered":"\n<figure class=\"wp-block-image alignfull size-large\"><img decoding=\"async\" loading=\"lazy\" width=\"819\" height=\"1024\" src=\"https:\/\/www.tropicalbrownie.sk\/wp-content\/uploads\/2026\/02\/1000019384-819x1024.jpg\" alt=\"\" class=\"wp-image-421\" srcset=\"https:\/\/www.tropicalbrownie.sk\/wp-content\/uploads\/2026\/02\/1000019384-819x1024.jpg 819w, https:\/\/www.tropicalbrownie.sk\/wp-content\/uploads\/2026\/02\/1000019384-240x300.jpg 240w, https:\/\/www.tropicalbrownie.sk\/wp-content\/uploads\/2026\/02\/1000019384-768x960.jpg 768w, https:\/\/www.tropicalbrownie.sk\/wp-content\/uploads\/2026\/02\/1000019384-1229x1536.jpg 1229w, https:\/\/www.tropicalbrownie.sk\/wp-content\/uploads\/2026\/02\/1000019384-1638x2048.jpg 1638w, https:\/\/www.tropicalbrownie.sk\/wp-content\/uploads\/2026\/02\/1000019384-scaled.jpg 2048w\" sizes=\"(max-width: 819px) 100vw, 819px\" \/><\/figure>\n\n\n\n<p><\/p>\n\n\n\n<figure class=\"wp-block-image alignfull size-large\"><img decoding=\"async\" loading=\"lazy\" width=\"819\" height=\"1024\" src=\"https:\/\/www.tropicalbrownie.sk\/wp-content\/uploads\/2026\/02\/1000020370-819x1024.jpg\" alt=\"\" class=\"wp-image-411\" srcset=\"https:\/\/www.tropicalbrownie.sk\/wp-content\/uploads\/2026\/02\/1000020370-819x1024.jpg 819w, https:\/\/www.tropicalbrownie.sk\/wp-content\/uploads\/2026\/02\/1000020370-240x300.jpg 240w, https:\/\/www.tropicalbrownie.sk\/wp-content\/uploads\/2026\/02\/1000020370-768x960.jpg 768w, https:\/\/www.tropicalbrownie.sk\/wp-content\/uploads\/2026\/02\/1000020370-1229x1536.jpg 1229w, https:\/\/www.tropicalbrownie.sk\/wp-content\/uploads\/2026\/02\/1000020370-1638x2048.jpg 1638w, https:\/\/www.tropicalbrownie.sk\/wp-content\/uploads\/2026\/02\/1000020370-scaled.jpg 2048w\" sizes=\"(max-width: 819px) 100vw, 819px\" \/><\/figure>\n\n\n\n<figure class=\"wp-block-image\"><img alt=\"\"\/><\/figure>\n\n\n\n<h2>PRIEBEH N\u00c1STREKU <\/h2>\n\n\n\n<figure class=\"wp-block-image alignfull size-large\"><img decoding=\"async\" loading=\"lazy\" width=\"683\" height=\"1024\" src=\"https:\/\/www.tropicalbrownie.sk\/wp-content\/uploads\/2023\/03\/DSC05990-2-683x1024.jpg\" alt=\"\" class=\"wp-image-181\" srcset=\"https:\/\/www.tropicalbrownie.sk\/wp-content\/uploads\/2023\/03\/DSC05990-2-683x1024.jpg 683w, https:\/\/www.tropicalbrownie.sk\/wp-content\/uploads\/2023\/03\/DSC05990-2-200x300.jpg 200w, https:\/\/www.tropicalbrownie.sk\/wp-content\/uploads\/2023\/03\/DSC05990-2-768x1152.jpg 768w, https:\/\/www.tropicalbrownie.sk\/wp-content\/uploads\/2023\/03\/DSC05990-2-1024x1536.jpg 1024w, https:\/\/www.tropicalbrownie.sk\/wp-content\/uploads\/2023\/03\/DSC05990-2-1365x2048.jpg 1365w, https:\/\/www.tropicalbrownie.sk\/wp-content\/uploads\/2023\/03\/DSC05990-2-scaled.jpg 1707w\" sizes=\"(max-width: 683px) 100vw, 683px\" \/><\/figure>\n\n\n\n<p><\/p>\n\n\n\n<p><\/p>\n\n\n\n<p><\/p>\n\n\n\n<figure class=\"wp-block-image alignfull size-large\"><img decoding=\"async\" loading=\"lazy\" width=\"683\" height=\"1024\" src=\"https:\/\/www.tropicalbrownie.sk\/wp-content\/uploads\/2023\/03\/DSC05994-2-683x1024.jpg\" alt=\"\" class=\"wp-image-182\" srcset=\"https:\/\/www.tropicalbrownie.sk\/wp-content\/uploads\/2023\/03\/DSC05994-2-683x1024.jpg 683w, https:\/\/www.tropicalbrownie.sk\/wp-content\/uploads\/2023\/03\/DSC05994-2-200x300.jpg 200w, https:\/\/www.tropicalbrownie.sk\/wp-content\/uploads\/2023\/03\/DSC05994-2-768x1152.jpg 768w, https:\/\/www.tropicalbrownie.sk\/wp-content\/uploads\/2023\/03\/DSC05994-2-1024x1536.jpg 1024w, https:\/\/www.tropicalbrownie.sk\/wp-content\/uploads\/2023\/03\/DSC05994-2-1365x2048.jpg 1365w, https:\/\/www.tropicalbrownie.sk\/wp-content\/uploads\/2023\/03\/DSC05994-2-scaled.jpg 1707w\" sizes=\"(max-width: 683px) 100vw, 683px\" \/><\/figure>\n\n\n\n<p><\/p>\n\n\n\n<p><\/p>\n\n\n\n<p><\/p>\n\n\n\n<figure class=\"wp-block-image alignfull size-large\"><img decoding=\"async\" loading=\"lazy\" width=\"683\" height=\"1024\" src=\"https:\/\/www.tropicalbrownie.sk\/wp-content\/uploads\/2023\/03\/DSC06075-2-683x1024.jpg\" alt=\"\" class=\"wp-image-183\" srcset=\"https:\/\/www.tropicalbrownie.sk\/wp-content\/uploads\/2023\/03\/DSC06075-2-683x1024.jpg 683w, https:\/\/www.tropicalbrownie.sk\/wp-content\/uploads\/2023\/03\/DSC06075-2-200x300.jpg 200w, https:\/\/www.tropicalbrownie.sk\/wp-content\/uploads\/2023\/03\/DSC06075-2-768x1152.jpg 768w, https:\/\/www.tropicalbrownie.sk\/wp-content\/uploads\/2023\/03\/DSC06075-2-1024x1536.jpg 1024w, https:\/\/www.tropicalbrownie.sk\/wp-content\/uploads\/2023\/03\/DSC06075-2-1365x2048.jpg 1365w, https:\/\/www.tropicalbrownie.sk\/wp-content\/uploads\/2023\/03\/DSC06075-2-scaled.jpg 1707w\" sizes=\"(max-width: 683px) 100vw, 683px\" \/><\/figure>\n\n\n\n<p><\/p>\n\n\n\n<p><\/p>\n\n\n\n<h2>PO N\u00c1STREKU <\/h2>\n\n\n\n<figure class=\"wp-block-image alignfull size-large\"><img decoding=\"async\" loading=\"lazy\" width=\"819\" height=\"1024\" src=\"https:\/\/www.tropicalbrownie.sk\/wp-content\/uploads\/2025\/01\/1000003216-819x1024.jpg\" alt=\"\" class=\"wp-image-311\" srcset=\"https:\/\/www.tropicalbrownie.sk\/wp-content\/uploads\/2025\/01\/1000003216-819x1024.jpg 819w, https:\/\/www.tropicalbrownie.sk\/wp-content\/uploads\/2025\/01\/1000003216-240x300.jpg 240w, https:\/\/www.tropicalbrownie.sk\/wp-content\/uploads\/2025\/01\/1000003216-768x960.jpg 768w, https:\/\/www.tropicalbrownie.sk\/wp-content\/uploads\/2025\/01\/1000003216-1229x1536.jpg 1229w, https:\/\/www.tropicalbrownie.sk\/wp-content\/uploads\/2025\/01\/1000003216-1638x2048.jpg 1638w, https:\/\/www.tropicalbrownie.sk\/wp-content\/uploads\/2025\/01\/1000003216-scaled.jpg 2048w\" sizes=\"(max-width: 819px) 100vw, 819px\" \/><\/figure>\n\n\n\n<figure class=\"is-layout-flex wp-block-gallery-1 wp-block-gallery aligncenter has-nested-images columns-default is-cropped\"><\/figure>\n\n\n\n<figure class=\"wp-block-image alignfull size-large is-resized\"><img decoding=\"async\" loading=\"lazy\" src=\"https:\/\/www.tropicalbrownie.sk\/wp-content\/uploads\/2025\/01\/1000003401-819x1024.jpg\" alt=\"\" class=\"wp-image-330\" width=\"296\" height=\"370\" srcset=\"https:\/\/www.tropicalbrownie.sk\/wp-content\/uploads\/2025\/01\/1000003401-819x1024.jpg 819w, https:\/\/www.tropicalbrownie.sk\/wp-content\/uploads\/2025\/01\/1000003401-240x300.jpg 240w, https:\/\/www.tropicalbrownie.sk\/wp-content\/uploads\/2025\/01\/1000003401-768x960.jpg 768w, https:\/\/www.tropicalbrownie.sk\/wp-content\/uploads\/2025\/01\/1000003401-1229x1536.jpg 1229w, https:\/\/www.tropicalbrownie.sk\/wp-content\/uploads\/2025\/01\/1000003401-1638x2048.jpg 1638w, https:\/\/www.tropicalbrownie.sk\/wp-content\/uploads\/2025\/01\/1000003401-scaled.jpg 2048w\" sizes=\"(max-width: 296px) 100vw, 296px\" \/><\/figure>\n\n\n\n<figure class=\"wp-block-image alignfull size-large\"><img decoding=\"async\" loading=\"lazy\" width=\"819\" height=\"1024\" src=\"https:\/\/www.tropicalbrownie.sk\/wp-content\/uploads\/2025\/01\/1000003406-1-819x1024.jpg\" alt=\"\" class=\"wp-image-331\" srcset=\"https:\/\/www.tropicalbrownie.sk\/wp-content\/uploads\/2025\/01\/1000003406-1-819x1024.jpg 819w, https:\/\/www.tropicalbrownie.sk\/wp-content\/uploads\/2025\/01\/1000003406-1-240x300.jpg 240w, https:\/\/www.tropicalbrownie.sk\/wp-content\/uploads\/2025\/01\/1000003406-1-768x960.jpg 768w, https:\/\/www.tropicalbrownie.sk\/wp-content\/uploads\/2025\/01\/1000003406-1-1229x1536.jpg 1229w, https:\/\/www.tropicalbrownie.sk\/wp-content\/uploads\/2025\/01\/1000003406-1-1638x2048.jpg 1638w, https:\/\/www.tropicalbrownie.sk\/wp-content\/uploads\/2025\/01\/1000003406-1-scaled.jpg 2048w\" sizes=\"(max-width: 819px) 100vw, 819px\" \/><\/figure>\n\n\n\n<figure class=\"wp-block-image alignfull size-large\"><img decoding=\"async\" loading=\"lazy\" width=\"819\" height=\"1024\" src=\"https:\/\/www.tropicalbrownie.sk\/wp-content\/uploads\/2025\/01\/1000003407-819x1024.jpg\" alt=\"\" class=\"wp-image-332\" srcset=\"https:\/\/www.tropicalbrownie.sk\/wp-content\/uploads\/2025\/01\/1000003407-819x1024.jpg 819w, https:\/\/www.tropicalbrownie.sk\/wp-content\/uploads\/2025\/01\/1000003407-240x300.jpg 240w, https:\/\/www.tropicalbrownie.sk\/wp-content\/uploads\/2025\/01\/1000003407-768x960.jpg 768w, https:\/\/www.tropicalbrownie.sk\/wp-content\/uploads\/2025\/01\/1000003407-1229x1536.jpg 1229w, https:\/\/www.tropicalbrownie.sk\/wp-content\/uploads\/2025\/01\/1000003407-1638x2048.jpg 1638w, https:\/\/www.tropicalbrownie.sk\/wp-content\/uploads\/2025\/01\/1000003407-scaled.jpg 2048w\" sizes=\"(max-width: 819px) 100vw, 819px\" \/><\/figure>\n","protected":false},"excerpt":{"rendered":"<p>PRIEBEH N\u00c1STREKU PO N\u00c1STREKU<\/p>\n","protected":false},"author":1,"featured_media":0,"parent":0,"menu_order":0,"comment_status":"closed","ping_status":"closed","template":"","meta":{"_mi_skip_tracking":false},"yoast_head":"<!-- This site is optimized with the Yoast SEO plugin v20.0 - https:\/\/yoast.com\/wordpress\/plugins\/seo\/ -->\n<title>GAL\u00c9RIA - Tropical Brownie<\/title>\n<meta name=\"robots\" content=\"index, follow, max-snippet:-1, max-image-preview:large, max-video-preview:-1\" \/>\n<link rel=\"canonical\" href=\"https:\/\/www.tropicalbrownie.sk\/?page_id=84\" \/>\n<meta property=\"og:locale\" content=\"sk_SK\" \/>\n<meta property=\"og:type\" content=\"article\" \/>\n<meta property=\"og:title\" content=\"GAL\u00c9RIA - Tropical Brownie\" \/>\n<meta property=\"og:description\" content=\"PRIEBEH N\u00c1STREKU PO N\u00c1STREKU\" \/>\n<meta property=\"og:url\" content=\"https:\/\/www.tropicalbrownie.sk\/?page_id=84\" \/>\n<meta property=\"og:site_name\" content=\"Tropical Brownie\" \/>\n<meta property=\"article:modified_time\" content=\"2026-02-24T17:03:30+00:00\" \/>\n<meta property=\"og:image\" content=\"https:\/\/www.tropicalbrownie.sk\/wp-content\/uploads\/2026\/02\/1000019384-819x1024.jpg\" \/>\n<meta name=\"twitter:card\" content=\"summary_large_image\" \/>\n<meta name=\"twitter:label1\" content=\"Predpokladan\u00fd \u010das \u010d\u00edtania\" \/>\n\t<meta name=\"twitter:data1\" content=\"3 min\u00faty\" \/>\n<script type=\"application\/ld+json\" class=\"yoast-schema-graph\">{\"@context\":\"https:\/\/schema.org\",\"@graph\":[{\"@type\":\"WebPage\",\"@id\":\"https:\/\/www.tropicalbrownie.sk\/?page_id=84\",\"url\":\"https:\/\/www.tropicalbrownie.sk\/?page_id=84\",\"name\":\"GAL\u00c9RIA - Tropical Brownie\",\"isPartOf\":{\"@id\":\"https:\/\/www.tropicalbrownie.sk\/#website\"},\"datePublished\":\"2023-01-27T09:49:24+00:00\",\"dateModified\":\"2026-02-24T17:03:30+00:00\",\"breadcrumb\":{\"@id\":\"https:\/\/www.tropicalbrownie.sk\/?page_id=84#breadcrumb\"},\"inLanguage\":\"sk-SK\",\"potentialAction\":[{\"@type\":\"ReadAction\",\"target\":[\"https:\/\/www.tropicalbrownie.sk\/?page_id=84\"]}]},{\"@type\":\"BreadcrumbList\",\"@id\":\"https:\/\/www.tropicalbrownie.sk\/?page_id=84#breadcrumb\",\"itemListElement\":[{\"@type\":\"ListItem\",\"position\":1,\"name\":\"Home\",\"item\":\"https:\/\/www.tropicalbrownie.sk\/\"},{\"@type\":\"ListItem\",\"position\":2,\"name\":\"GAL\u00c9RIA\"}]},{\"@type\":\"WebSite\",\"@id\":\"https:\/\/www.tropicalbrownie.sk\/#website\",\"url\":\"https:\/\/www.tropicalbrownie.sk\/\",\"name\":\"Tropical Brownie\",\"description\":\"Najlep\u0161ia cena za najkvalitnej\u0161ie slu\u017eby\",\"potentialAction\":[{\"@type\":\"SearchAction\",\"target\":{\"@type\":\"EntryPoint\",\"urlTemplate\":\"https:\/\/www.tropicalbrownie.sk\/?s={search_term_string}\"},\"query-input\":\"required name=search_term_string\"}],\"inLanguage\":\"sk-SK\"}]}<\/script>\n<!-- \/ Yoast SEO plugin. -->","yoast_head_json":{"title":"GAL\u00c9RIA - Tropical Brownie","robots":{"index":"index","follow":"follow","max-snippet":"max-snippet:-1","max-image-preview":"max-image-preview:large","max-video-preview":"max-video-preview:-1"},"canonical":"https:\/\/www.tropicalbrownie.sk\/?page_id=84","og_locale":"sk_SK","og_type":"article","og_title":"GAL\u00c9RIA - Tropical Brownie","og_description":"PRIEBEH N\u00c1STREKU PO N\u00c1STREKU","og_url":"https:\/\/www.tropicalbrownie.sk\/?page_id=84","og_site_name":"Tropical Brownie","article_modified_time":"2026-02-24T17:03:30+00:00","og_image":[{"url":"https:\/\/www.tropicalbrownie.sk\/wp-content\/uploads\/2026\/02\/1000019384-819x1024.jpg"}],"twitter_card":"summary_large_image","twitter_misc":{"Predpokladan\u00fd \u010das \u010d\u00edtania":"3 min\u00faty"},"schema":{"@context":"https:\/\/schema.org","@graph":[{"@type":"WebPage","@id":"https:\/\/www.tropicalbrownie.sk\/?page_id=84","url":"https:\/\/www.tropicalbrownie.sk\/?page_id=84","name":"GAL\u00c9RIA - Tropical Brownie","isPartOf":{"@id":"https:\/\/www.tropicalbrownie.sk\/#website"},"datePublished":"2023-01-27T09:49:24+00:00","dateModified":"2026-02-24T17:03:30+00:00","breadcrumb":{"@id":"https:\/\/www.tropicalbrownie.sk\/?page_id=84#breadcrumb"},"inLanguage":"sk-SK","potentialAction":[{"@type":"ReadAction","target":["https:\/\/www.tropicalbrownie.sk\/?page_id=84"]}]},{"@type":"BreadcrumbList","@id":"https:\/\/www.tropicalbrownie.sk\/?page_id=84#breadcrumb","itemListElement":[{"@type":"ListItem","position":1,"name":"Home","item":"https:\/\/www.tropicalbrownie.sk\/"},{"@type":"ListItem","position":2,"name":"GAL\u00c9RIA"}]},{"@type":"WebSite","@id":"https:\/\/www.tropicalbrownie.sk\/#website","url":"https:\/\/www.tropicalbrownie.sk\/","name":"Tropical Brownie","description":"Najlep\u0161ia cena za najkvalitnej\u0161ie slu\u017eby","potentialAction":[{"@type":"SearchAction","target":{"@type":"EntryPoint","urlTemplate":"https:\/\/www.tropicalbrownie.sk\/?s={search_term_string}"},"query-input":"required name=search_term_string"}],"inLanguage":"sk-SK"}]}},"_links":{"self":[{"href":"https:\/\/www.tropicalbrownie.sk\/index.php?rest_route=\/wp\/v2\/pages\/84"}],"collection":[{"href":"https:\/\/www.tropicalbrownie.sk\/index.php?rest_route=\/wp\/v2\/pages"}],"about":[{"href":"https:\/\/www.tropicalbrownie.sk\/index.php?rest_route=\/wp\/v2\/types\/page"}],"author":[{"embeddable":true,"href":"https:\/\/www.tropicalbrownie.sk\/index.php?rest_route=\/wp\/v2\/users\/1"}],"replies":[{"embeddable":true,"href":"https:\/\/www.tropicalbrownie.sk\/index.php?rest_route=%2Fwp%2Fv2%2Fcomments&post=84"}],"version-history":[{"count":6,"href":"https:\/\/www.tropicalbrownie.sk\/index.php?rest_route=\/wp\/v2\/pages\/84\/revisions"}],"predecessor-version":[{"id":422,"href":"https:\/\/www.tropicalbrownie.sk\/index.php?rest_route=\/wp\/v2\/pages\/84\/revisions\/422"}],"wp:attachment":[{"href":"https:\/\/www.tropicalbrownie.sk\/index.php?rest_route=%2Fwp%2Fv2%2Fmedia&parent=84"}],"curies":[{"name":"wp","href":"https:\/\/api.w.org\/{rel}","templated":true}]}}